posite?
False
Suppose -4*y = 50 - 58. Suppose -y*r + 25 = -7*r, -4*o - 57 = -3*r. Is (5388/o)/(2/(-3)) composite?
False
Let l(r) = r**3 + r**2 + r - 1. Let w(q) = 4*q**3 - 4*q**2 + 19*q + 8. Let x(y) = -5*l(y) + w(y). Is x(-14) prime?
True
Let t be 3/((-40)/20*2/3240). Let q = 9547 + t. Is q prime?
False
Suppose 2*q + 16 = -2*b, -5*q = b - 0*b + 48. Let v be 5/q - (-65646)/4. Suppose v - 1423 = 12*l. Is l composite?
False
Is (11*-1778 + -3 + (-24)/(-12))/(-1) composite?
False
Let p = -40 - -37. Let d be 0/((p - -2)*-1). Suppose -5*v - 3*a = -1988, a + 1 - 2 = d. Is v a composite number?
False
Suppose 0 = -k - 0*x - 2*x - 1146, 4*k + 5*x = -4593. Let r = 202 - k. Let a = r + -875. Is a prime?
True
Let a be (-23 - -3) + 30/10. Let b = a - -20. Suppose 4*v + w - 503 = 0, b*w - 5*w + 117 = v. Is v prime?
True
Is (-901367677)/(-3956) + (2/(-8) - -1) composite?
False
Suppose 0 = 18*a + 34*a - 7*a - 4425165. Is a a composite number?
True
Let h(g) = -486*g**3 - 3*g**2 - 6*g - 11. Suppose -6*p - 25 = 3*u - 2*p, -7 = u + p. Is h(u) composite?
True
Let s(l) = l**3 - l**2 - 11*l + 15. Let u be s(3). Suppose u = -22*v - 439645 + 1546443. Is v composite?
True
Let p = -18 + 43. Suppose -c + o + 31 = 4*c, -o + p = 3*c. Suppose c + 15 = 2*g. Is g a composite number?
False
Let s = 4045 - 1862. Is s composite?
True
Suppose g + 46901 = 4*g + 4*l, -l = -g + 15643. Let b = g + -1160. Is b a prime number?
True
Suppose 3*r - 24974 = -12*t + 11*t, -41649 = -5*r + 2*t. Is r prime?
False
Let z(x) = x + 14. Let c(j) = 9*j - 2. Let l be c(-1). Let q be z(l). Suppose 5*v - 6775 = -p, q*p + 1176 = v - 179. Is v composite?
True
Let l(s) = 21*s**2 + 4*s - 9. Let o(p) = -22*p**2 - 3*p + 10. Let b(z) = -3*l(z) - 4*o(z). Let c be b(-8). Let m = -698 + c. Is m prime?
False
Let v be ((-3)/(-5) + (-64)/40)*-12. Suppose -v*m + 6296 = -4*m. Is m prime?
True
Suppose -3*m - 61*i = -56*i - 6, m - 2 = -5*i. Suppose 2*k - 13568 = -m*w - 0*k, -4*w + 27160 = -4*k. Is w composite?
True
Is (-65294)/8*(-21 + -5 + 22) a composite number?
False
Let d(n) = 4701*n + 2054. Is d(97) a prime number?
False
Suppose i = -31*d + 29*d + 780507, -2*i + 1561030 = -4*d. Is i prime?
False
Suppose -3*n - 5*z = -1144 - 385, -15 = 3*z. Suppose -5*a + n = 2793. Let f = -196 - a. Is f composite?
True
Let b(i) be the second derivative of -11*i**4/4 - 5*i**3/6 + 2*i**2 - 6*i. Let l(d) = -17*d**2 - 3*d + 2. Let m(r) = -6*b(r) + 11*l(r). Is m(-3) composite?
True
Let r(m) = 8467*m + 93. Is r(8) a prime number?
True
Let h be -1 + 1/((8/118)/4). Let i = 58 - h. Suppose i = -o + 4 - 1, -97 = -k - 5*o. Is k a composite number?
True
Let o(q) = 989*q + 2714. Is o(7) a prime number?
False
Let d(f) = 175*f**2 + 32*f - 27. Let v be d(10). Let x = 27884 - v. Is x a composite number?
False
Let g = 141529 + -61478. Is g composite?
False
Let y be (5 + 29/(-6))*88386. Suppose 0 = -4*x - h + y, 2*h - 7364 = -x - x. Is x prime?
False
Let h(x) = -x**2 - 8*x - 14. Let u be h(-6). Let y be -5*2*u/4. Suppose y*g - 5 = 0, 0 = 3*n + 3*g - 4873 - 6557. Is n a composite number?
True
Let x(q) = -56*q - 55. Let p be x(15). Let d = -258 - p. Suppose u - 716 - d = -2*a, -u = -3*a - 1373. Is u prime?
True
Let g be ((-263744)/78 + 2/6)*-1. Let u = -1942 + g. Is u a composite number?
False
Let m be ((-4)/2)/((-2)/4). Let b(c) = 6*c**3 + c**2 + 5*c - 3. Let o be b(m). Let l = -146 + o. Is l a prime number?
True
Let t = 1109572 + -232745. Is t a composite number?
True
Let n = -171 + 163. Is (-2388)/n + -4 + (-7)/(-2) composite?
True
Let c(x) = -x**3 - 13*x**2 + 9*x - 8. Let w be c(-14). Let p = w + 1542. Let s = p + -1039. Is s composite?
True
Let p = 148299 - 3694. Is p a composite number?
True
Let u be 50949/(-119) + 3/21. Is 22/(-8)*(u - 0) a composite number?
True
Let p(s) = 142*s - 37. Suppose 5*c - 26 = 2*y, -4*c + 20 = -5*y + 3*y. Is p(c) a composite number?
True
Let u(j) = 31*j + 8. Let z(a) = -31*a - 7. Let t(i) = 3*u(i) + 2*z(i). Let k be t(4). Suppose -243 = -h + k. Is h a composite number?
True
Suppose -59*p - 70000 = -34*p. Let h = 5589 + p. Is h a prime number?
True
Let z(i) = -15266*i - 305. Let d be z(-6). Suppose -4*k = p - d, -91297 = -k - 3*k - 3*p. Is k prime?
False
Suppose 69*m = 122*m - 166897. Is m prime?
False
Suppose 0 = -s - 3*c - 5, 3*c + 2*c + 11 = -s. Suppose -n - 4*t = 4, 0*n + 26 = s*n + 2*t. Suppose 11*h = n*h + 717. Is h composite?
False
Suppose 12*j = -2*j + 12*j. Suppose 3*i + 13 = 6*i - q, i - q - 5 = j. Suppose -44 = b + i*n - 345, -b + 283 = -5*n. Is b a prime number?
True
Let o(d) = 1005*d**2 - 2. Suppose -8*s = -3*s + 3*p - 22, -2*s = -4*p + 12. Suppose v - s*l = 3, -2*v + 8*l = 7*l. Is o(v) prime?
False
Suppose -4*p + o = 2 + 10, 2*o - 14 = 3*p. Let f(y) = 621*y - 17. Let i(z) = 1241*z - 35. Let r(l) = -7*f(l) + 3*i(l). Is r(p) prime?
False
Let o(n) = -41*n + 51. Let i(m) = -5*m + 31. Let a be i(4). Let w(s) = -124*s + 154. Let h(k) = a*o(k) - 4*w(k). Is h(6) a prime number?
False
Let q(p) = p**3 - 13*p**2 - p + 13. Let k(m) = -m. Let z be k(-13). Let v be q(z). Suppose v = -3*f - 2*f + 2645. Is f prime?
False
Suppose 6*q + 18735 = 52695. Suppose 6*w = q + 1882. Is w a prime number?
False
Suppose 0 = -2*u - 5*k + 2543, u + 5*k + 3877 = 4*u. Is ((-2)/(-1) - u)*(-2)/2 prime?
False
Is 10 + 91728 - ((-6)/14 - 760/(-140)) prime?
True
Suppose -119*w = 161*w - 43256817 - 8322823. Is w composite?
True
Suppose -j = -5*d + 10*d - 83568, -2*d + 33402 = 4*j. Is d a prime number?
False
Let q = -2453 - -3646. Suppose 3*j = q + 4714. Is j composite?
True
Let p(y) = 51*y**2 + y - 12. Let s be p(11). Let q = -629 + s. Is q prime?
False
Let f = -552 + 553. Let r(b) = 153*b**2 + b - 6. Let u be r(6). Is (5 - 4)*(u - f) composite?
False
Suppose -3*w = -0*w + 5*w - 2091704. Is w prime?
True
Let t be 1*-1 + 57/(1 - 4). Let g be ((-6)/t)/((-1)/(-2))*10. Suppose -470 = -3*l - 4*q, 3*q - g*q - 161 = -l. Is l composite?
True
Let b(i) be the second derivative of -i**5/10 + 2*i**4/3 - i**3 - 5*i**2/2 - 98*i. Suppose 0 = -5*h - 51 + 16. Is b(h) a prime number?
False
Let z = 2350 - -154. Is z + -3 + 4 + -2 composite?
False
Let k = 40964 + -22263. Is k prime?
True
Let b(x) be the first derivative of -173*x**5/10 + x**3/6 + x**2 + 13*x + 9. Let l(q) be the first derivative of b(q). Is l(-1) a composite number?
False
Let q = 21 + -19. Suppose q*z = -z - 1323. Let i = -250 - z. Is i composite?
False
Let c be 11/((-11)/6) + 10. Suppose 3*m - c*m = -1139. Is m a composite number?
True
Let q(x) = 140512*x**2 - 5*x - 8. Is q(-1) prime?
False
Suppose -4*o + 3*n + 13991 = 0, 5*n + 1367 = o - 2135. Suppose 6*s = 7*s + o. Is 14/(-35) + s/(-5) a composite number?
True
Let l(s) = -s**2 - 2*s + 37. Let f be l(5). Suppose -5*g - 19125 = 4*h - 9*h, 3*g = f*h - 7654. Is h composite?
False
Let j(d) = d**2 + 12*d - 13. Let k(w) = -9*w + 5. Let a be k(2). Let t be j(a). Suppose -3*m + 2*r = -t*m - 227, 4*r - 20 = 0. Is m a prime number?
True
Suppose 39*j - 196 = 37*j. Suppose 3*i = j + 187. Suppose 0*x + 1 = x, -m + i = 4*x. Is m a prime number?
False
Suppose 7*z + 652514 = 1827390 + 412731. Is z composite?
True
Is (3461 - (-4 + 32))*(-1 + 2)*1 composite?
False
Is -32 + 414/18 - -908710 a prime number?
False
Let d be 96/(-20)*20/(-6). Suppose -2*b - d + 36 = 0. Suppose b*r - 14*r + 2068 = 0. Is r composite?
True
Suppose -282*j + 19237167 = -4*j + 2326705. Is j a prime number?
False
Suppose 0 = 23*n - 19*n + 172. Let o = n + 57. Is ((-21)/o)/(3/(-158)) a composite number?
False
Let c(q) = -921*q - 355. Is c(-22) a composite number?
True
Suppose 2*f - 4*d - 32 = 0, d = 2*f - 4*d - 37. Suppose m = 2*s - 0*s + 8, -2*m - 2*s = -4. Suppose -f*x = -m*x - 446. Is x composite?
False
Let l = -570 - -574. Is -1 + -8 + l + 21886 a composite number?
False
Let o be 5445/3*72/20. Let n = -3755 + o. Is n a prime number?
False
Suppose -4*q - 720199 = 5*y - 2087956, 0 = -2*q + 6. Is y a prime number?
False
Suppose -2*d + 5773083 = 83*d - 6*d. Is d composite?
True
Let o(r) = 508*r + 19. Suppose 0 = n - 2 - 1. Is o(n) prime?
True
Let o = 278 + -574. Let s = -480 - o. Let d = s - -447. Is d prime?
True
Is -6 + 16 + (-3 - -102414) a composite number?
True
Suppose 3*b + 756 = -2*m - 37, 2*m = 2*b + 532. Let u = 1804 - 422. Let w = b + u. Is w prime?
True
Suppose 37*x - 875442 - 